uppose v*n + 2*n = 16. Suppose -n*k + 6 = -2*k. Calculate the greatest common divisor of 3 and k.
3
Let f be 6 - (-6)/(-24)*0. Calculate the highest common divisor of f and 14.
2
Suppose 5*v - 4*v - 186 = 0. Suppose -3*h - 3*i + v = 0, 2*i - i - 188 = -3*h. What is the greatest common divisor of 9 and h?
9
Let t(y) = 2*y + 8. Let m be t(-7). Let u be 6/(-33) + (-567)/(-33). Let x = m + u. Calculate the highest common divisor of x and 99.
11
Let j be (-2)/(-3)*(-336)/(-32). What is the greatest common divisor of 28 and j?
7
Let w = -64 + 96. Suppose 0*p = -p + 8. Calculate the highest common factor of w and p.
8
Suppose 3*z - 2*q + q + 4 = 0, 0 = 4*z + q + 3. Let f be (-18)/4 - z/(-2). Let l = f + 12. Calculate the highest common factor of 35 and l.
7
Let g be (4 + 1)*(8 - 6). Let l = g + -8. Let b be (6/(-2))/(-3) - -3. Calculate the highest common divisor of l and b.
2
Let m(f) = -2*f**2 + 9*f - 1. Let i be m(4). What is the highest common factor of i and 15?
3
Let o(q) = -q**3 - 10*q**2 - 20*q - 7. Let p be o(-9). Calculate the greatest common divisor of p and 23.
23
Suppose -2*q + 5*q = -3*i + 201, -5*i - 120 = -2*q. What is the greatest common divisor of 5 and q?
5
Suppose 0*l = -5*l + 180. Let z = l - 24. Let t be (-4)/10 + 32/5. Calculate the greatest common divisor of z and t.
6
Suppose -5*t = -2*t - 72. Calculate the highest common divisor of t and 6.
6
Suppose -v + g = -2, -21 = -3*v - g - g. Suppose v*b - 4*j = 90, 4*b - 3*j - 75 = -4. Suppose 92 = 2*f - 48. Calculate the greatest common factor of f and b.
14
Let o be 5/(-15) - (-2)/(-3). Let z be 1*(3 - 5)/o. Suppose -z*j + 16 = 2*j. What is the highest common factor of 28 and j?
4
Let w = 34 - 33. What is the greatest common divisor of 8 and w?
1
Suppose 0 = 2*w - 0*w + 478. Let k = -143 - w. Let g be ((-6)/8)/((-3)/k). Calculate the highest common factor of 264 and g.
24
Suppose 2*g = 18 + 30. Let i = g - 13. What is the greatest common factor of i and 121?
11
Suppose -4*x + 3*v + 67 = 0, -76 = -4*x - x - 4*v. What is the greatest common factor of 144 and x?
16
Let w = 14 + 14. What is the highest common factor of 84 and w?
28
Let i be 4 - 2/2*-2. Let b = 8 - i. Suppose 0*c + b*c + 5*r - 105 = 0, -3*r + 217 = 4*c. Calculate the greatest common divisor of c and 22.
11
Let i(t) = -t**2 - 16*t + 54. Let a be i(-16). What is the highest common factor of 90 and a?
18
Let n(f) = 3*f - 1. Let l be n(2). Suppose -l*q - 32 = -2*s, -4*q = 4*s + q - 34. Let m be 4/14 - (-1074)/14. Calculate the highest common factor of m and s.
11
Suppose 0*x + 22 = 4*x - c, 10 = 2*x - c. Let n be (1 + 15/(-6))*-34. Suppose n = 4*j + b, 3*j + 4*b - 67 = -19. What is the highest common divisor of x and j?
6
Let g be 3 + 95 + (-5)/(25/10). What is the highest common divisor of 6 and g?
6
Suppose -28*j + 25*j + 90 = 0. Calculate the greatest common factor of j and 45.
15
Let o = 2 + -5. Let v be ((-9)/(-6))/(o/(-42)). What is the highest common factor of 3 and v?
3
Suppose -17*s + 300 = -12*s. What is the highest common factor of 20 and s?
20
Let t = 18 + -19. Let j(z) = -36*z**3 - z**2 + 1. Let c be j(t). Calculate the highest common divisor of 9 and c.
9
Suppose 4 = j - 3*j. Let o = 6 - j. Suppose -4*q + 4*y + 4 = 0, 0 = 2*q - q - 4*y + 8. Calculate the greatest common divisor of o and q.
4
Suppose 2*h + 23 = -1. Let g be (2/(-3))/(h/(-54)). Let w(c) = 3*c**2 + 2*c - 2. Let n be w(g). Calculate the highest common divisor of n and 171.
19
Let z(i) = 4*i + 72. Let m be z(-5). What is the highest common divisor of m and 104?
52
Suppose 0 = -u + 22 - 7. Let s be (-2)/(-3) - (-185)/u. Calculate the greatest common factor of 13 and s.
13
Suppose -c = 2*f - 28, 4*c = -f + 6*f - 57. What is the highest common divisor of 13 and f?
13
Suppose 5*z + 25 = -2*x + 146, 0 = -2*x - 4. Let r be ((-50)/8)/(56/32 - 2). What is the highest common factor of r and z?
25
Let t be (-8)/(-36) - 1/(27/(-1344)). What is the greatest common divisor of 2 and t?
2
Let m = 139 + -117. What is the highest common factor of 2 and m?
2
Let k = 9 + -8. Let l be 0*-1*k/(-2). Suppose -5*s - q + 36 = l, 3*q - 15 = -4*s + 5. Calculate the highest common divisor of 4 and s.
4
Let r(w) = -10*w + 1. Let c be r(-1). Suppose -3*m = -2*m + c. Let u be m/(-33) + 119/3. What is the greatest common factor of 60 and u?
20
Let i(w) = -w**2 + 27. Let q be i(0). Suppose q + 13 = 4*s. What is the greatest common factor of 10 and s?
10
Suppose a + 40 = 5*a. Calculate the greatest common divisor of a and 4.
2
Let t(u) = -5*u - 28. Let r be t(-10). Calculate the highest common divisor of 22 and r.
22
Suppose 2*y = c + 7, -4*y + 16 + 4 = 0. Suppose -n + 2*t = t - 33, c*t + 35 = n. What is the greatest common factor of 48 and n?
16
Let d = 8 - 6. Suppose 3*i = -d*i + 140. What is the highest common divisor of 224 and i?
28
Let n(h) = -16*h - 5. Let z be n(-2). Calculate the highest common factor of z and 108.
27
Let x(j) = 3*j + 1 - j**3 + 6*j + j**2 - 5*j. Let z be x(-3). Let v = 11 - 6. Calculate the greatest common factor of v and z.
5
Let g be 15 - 14 - 3*1. Let x be (1/g)/((-8)/448). What is the greatest common divisor of x and 56?
28
Suppose -f = -4*u + 216, 2*u - 3*f - 87 - 11 = 0. Let a = -17 - -28. Calculate the greatest common factor of a and u.
11
Let x be -1*3/(-6)*0. Suppose -b + 6 + 1 = x. What is the highest common factor of 14 and b?
7
Let u = -10 + 14. Let n = 14 - u. What is the highest common divisor of n and 10?
10
Let n(s) = 26*s**2 - 2*s + 2. Let b be n(-3). What is the highest common factor of 22 and b?
22
Let y be (-1)/((-28)/(-10) - 3). Suppose -4*p + 9*p + f = 23, -y*f = -3*p - 3. Suppose x = 9 + 15. Calculate the highest common factor of x and p.
4
Suppose 5*f = 4*v + 50, 7 = -f + v + 16. What is the greatest common divisor of f and 21?
7
Let t(i) = -i**2 - 10*i - 10. Let b be t(-8). Let j = b + 7. Suppose 0 = l - a - 21, 4*a + a = l - 1. What is the highest common divisor of l and j?
13
Suppose -2*m - 12 = 2*m. Let b = m - -8. Suppose 0 = -b*p + p + 12. Calculate the greatest common factor of p and 21.
3
Let n = 6 - 9. Let t(v) = -v**3 - 2*v**2 - v - 4. Let k be t(n). Suppose 86 = -4*a + 374. What is the highest common divisor of a and k?
8
Let p be (-2 + 1)*(-29 - -3). Suppose 4*l = -0*l. Let n be (0 + 0 - l) + 65. What is the greatest common divisor of n and p?
13
Suppose -3*x = -4*t + 15, 4*t + 6*x - 2*x - 36 = 0. Suppose -j = -1 - t. What is the greatest common divisor of 77 and j?
7
Suppose 4*z - 3*t = 607, -2*z - 2*t = -264 - 50. Suppose -2*m = 3*m - 75. Let a be (1 + -2 + m)*1. What is the greatest common factor of a and z?
14
Suppose -29 = -4*o - 5*v, 3*v = 7*o - 4*o - 42. What is the greatest common factor of o and 33?
11
Let h = 0 - -3. Suppose -h*y = -0*y - 27. Calculate the highest common divisor of 63 and y.
9
Let c be (-1 - -3)*15/10. Suppose -2*s - 20 = -c*t, -2*s - s = -5*t + 33. What is the greatest common divisor of 6 and t?
6
Let i(b) = 27*b**3 + 2*b**2 - b. Let f be i(1). Let d be 14/f + (-237)/(-2). Calculate the highest common divisor of d and 17.
17
Suppose q + 18 = 5*w - 0*w, 2 = -3*q + 2*w. Suppose 208 = q*v + 82. What is the greatest common factor of 42 and v?
21
Let b = -6 + 8. Let y(f) = 3*f**2 + 0*f - 2*f - 5*f**3 - b - f**2. Let v be y(-2). Calculate the greatest common divisor of v and 10.
10
Let o be 12/18 + (-138)/(-9). Calculate the highest common factor of o and 4.
4
Let g = -16 + 9. Let x = 15 + g. Calculate the highest common divisor of x and 8.
8
Let z be 6 - (2 - (-7)/(-1)). What is the greatest common divisor of 121 and z?
11
Let b = 2 - 1. Let l be (b + -9)/((-3)/42). Let m be (24/(-5))/(18/(-60)). What is the greatest common factor of l and m?
16
Let u = 43 - 25. Suppose -b + u = -3*j + b, -5*b = 5*j + 5. Let o be j/(-18) - (-214)/9. What is the greatest common factor of o and 6?
6
Suppose 0 = 4*f + 8 - 28. Let l = 11 + -7. Suppose f*o - 5*q = 25, 1 = o + 2*q - l. What is the greatest common divisor of 35 and o?
5
Let p be 2/(-1)*-7*1. Calculate the highest common factor of p and 35.
7
Suppose -3 = -3*z + 2*z. Suppose -4*i + 210 = -206. Suppose 4*w - r - i = 0, -3*w + 131 - 42 = 2*r. What is the highest common divisor of w and z?
3
Let m(p) = 2*p - 5. Suppose -2*c = -2*v + 16, -2*v - 3*c = 5 -